s the remainder when 33 is divided by 1309/63 + 1 - 4/(-18)?
11
Suppose 13*d = 9*d + 168. What is the remainder when d is divided by 24?
18
Suppose 3*u = -y - 2*y + 72, -u + 2*y = -15. Calculate the remainder when 62 is divided by u.
20
Suppose 0 = p - 3*m + m + 9, 0 = -2*p - 3*m - 39. Let d = 2 + p. Let j = -9 - d. What is the remainder when j is divided by 2?
0
Suppose -23 = -w - 7. Let k be -3*3/(9/(-26)). Suppose i - 8 = -2*y, -3*y - k = -5*i + y. What is the remainder when w is divided by i?
4
Let a(n) = -n + 24. Let j be a(13). Suppose 4*t - j = 29. What is the remainder when 16 is divided by t?
6
Let q(b) = 5*b. Suppose -4*y + 2 = 5*r + 15, 4*y - r - 17 = 0. Calculate the remainder when q(y) is divided by 6.
3
Let w = 8 + -5. Let q be 12/72 + (-334)/(-12). Suppose -q = -6*o - o. What is the remainder when o is divided by w?
1
Suppose -5*v + 0*v - 29 = d, 3*d + 43 = -4*v. Let x = -5 - d. Calculate the remainder when x is divided by 3/((-1)/(2/(-3))).
0
Suppose 4*y - y - 12 = 0. Calculate the remainder when y/(-30) - 334/(-30) is divided by 6.
5
Let s(p) = 26*p**2 + p. Calculate the remainder when s(2) is divided by (-9)/(3 - 10/3).
25
Suppose -m = -4*m + 114. Calculate the remainder when m is divided by 10.
8
What is the remainder when 163 is divided by 82/5*((-3)/2 - -4)?
40
Suppose -2 = 7*w - 72. What is the remainder when 16 is divided by w?
6
Let i(q) = -q**3 + 22*q**2 + 27*q - 26. Calculate the remainder when i(23) is divided by 23.
20
Calculate the remainder when 43 is divided by (-19)/(-2) - 1/2.
7
Suppose i + i = 26. Suppose 16*m - 19*m = -72. What is the remainder when m is divided by i?
11
Let z = 0 - -5. Suppose -4*u + 5*y = -53, 27 = z*u - 5*y - 43. What is the remainder when u is divided by 10?
7
Let t(g) = -g**3 + 7*g**2 + 8*g - 1. Let p be t(8). Let h(q) = -q. What is the remainder when ((-3)/2)/(27/(-36)) is divided by h(p)?
0
Let p = 8 - 6. Let y = 3 + p. Calculate the remainder when y is divided by 4.
1
Suppose 0*b - 4*b + 42 = -5*m, 2*m = b - 12. Suppose -b = -d - 0*j - 2*j, 3*j = 4*d - 65. Suppose 113 = 4*r + 9. What is the remainder when r is divided by d?
12
Let z(x) = -x**2 + 5*x - 4. Suppose 5*v = 2*v + 9. Let h be z(v). Suppose h*a - 6 = -0*a. What is the remainder when a is divided by 2?
1
Suppose -64 = -4*s - w, 2*s - w - 16 = s. Suppose 5*r = -h - 57, 3*h + 28 = 2*r - 4*r. Let o = r + s. Calculate the remainder when 14 is divided by o.
4
Suppose -31 = 3*h + c, c + 3 + 10 = -h. What is the remainder when 46 is divided by (12/h)/((-3)/36)?
14
Let v(g) = g**3 + g + 18. Suppose r - 5*r = 0. Suppose h - 27 = 4*i - 9, h - 5*i - 20 = 0. Calculate the remainder when v(r) is divided by h.
8
What is the remainder when (-1 + -7)*(-143)/44 is divided by 7?
5
Let q(u) = u**2 + 4*u - 7. Suppose 0 = -2*x - 5*f - 20, x + 8 = 2*x - 2*f. Suppose x = h - 2*h - 6. Calculate the remainder when 9 is divided by q(h).
4
Let n(i) = -7*i - 5 + 0*i - 1. What is the remainder when n(-8) is divided by 13?
11
Let b(n) = -18*n. Calculate the remainder when b(-3) is divided by 14.
12
Suppose 0 = -4*k + k + 30. Suppose -2*r + k + 6 = 0. Calculate the remainder when r is divided by 5.
3
Suppose -2*q + 14 = 8. Suppose g + 3*o = 4*g - 9, 4*o = q*g - 5. What is the remainder when 19 is divided by g?
5
Let c = 40 + -11. Let z(d) = d**2 + 18*d + 40. Calculate the remainder when c is divided by z(-16).
5
Let b = 104 - 66. Let o = b + -21. Calculate the remainder when o is divided by 6.
5
Let b(k) = k**3 - 6*k**2 + 3*k - 7. Let h(s) = s + 1. Let m be h(5). Calculate the remainder when 20 is divided by b(m).
9
Suppose -z = 6*l - 8*l - 18, 8 = z + 3*l. Calculate the remainder when 36 is divided by z.
8
Let y be (4/(-6))/(1/18). Suppose 3*i = 2*g - 77, 3*g = 3*i - 29 + 110. Let v = y - i. Calculate the remainder when v is divided by 4.
3
Suppose -h - 1 = -5. Suppose 0 = -h*a + a + 57. What is the remainder when 56 is divided by a?
18
Let b(t) = t**3 + 6*t**2 + 3*t + 7. Suppose 7*p = 8*p - 9. What is the remainder when b(-5) is divided by p?
8
Suppose 0 = 5*p - 5*n + 5, 4*p - 8 - 8 = -n. Suppose 0 = -8*h + p*h + 125. Calculate the remainder when h is divided by 9.
7
Let l(m) = -m**2 + 1. Suppose -10 + 2 = 4*c. Calculate the remainder when l(0) is divided by 10/12 - c/12.
0
Suppose c - 4*o - 119 = 0, -3*o = o - 8. Suppose 0 = 5*z - 123 - c. Calculate the remainder when z is divided by 13.
11
Suppose -g - 2*c = -9 - 11, -15 = -g + 3*c. Suppose b - 2 = -j + 1, -5*j - 2*b = -g. Suppose -3*z = -j - 20. What is the remainder when 15 is divided by z?
7
Calculate the remainder when (1/(-2))/(2/(-184)) is divided by 16.
14
Let o be (-95)/(-20) - 6/8. Suppose 0 = -4*h - 0*h + 4, 4*f - o*h = 20. Calculate the remainder when 13 is divided by f.
1
What is the remainder when (104/(-20) + -1)*-5*1 is divided by 8?
7
Suppose 0 = -2*r + y - 2, -4*y = 0. Suppose -4*f = -17 - 35. Calculate the remainder when (0 + r - -3)*19 is divided by f.
12
Let l(m) = m**3 - 5*m**2 - 2*m - 1. Let f be l(5). Let i = 27 + f. What is the remainder when 46 is divided by i?
14
Let o(t) be the second derivative of -19*t**4/12 + t**3/6 + t. Let d be o(1). Let f = d - -25. What is the remainder when 20 is divided by f?
6
What is the remainder when -1 + (-261)/(-6) + 1/2 is divided by 23?
20
Suppose t + 0*h - 45 = 2*h, 0 = -2*t + h + 75. Calculate the remainder when t is divided by 9.
8
Let b(d) = 9*d + 1. Let g be b(-1). Let i(a) = 16*a**2 - a. Let w be i(-1). Let n = w + g. Calculate the remainder when 24 is divided by n.
6
Let n(b) = 9*b**3 - b + 1. Calculate the remainder when 32 is divided by n(1).
5
What is the remainder when 268/2 + -2 + 3 is divided by 34?
33
Suppose -37 = -x - 3. Suppose 5*u + 39 = 5*k - 41, 0 = 4*u + 16. What is the remainder when x is divided by k?
10
Let d = 62 + -19. What is the remainder when d is divided by 12?
7
Suppose -b - 2 = -9. What is the remainder when 48 is divided by b?
6
Calculate the remainder when 153 is divided by -2 + -2 + -5 + 40.
29
Let f = 66 - 60. Calculate the remainder when 47 is divided by f.
5
Let b be 5 - (2/2 - -1). Suppose 2*n - 25 = -w, 7 = b*w - 8. Calculate the remainder when 18 is divided by n.
8
Suppose -4*y + 8*y - 8 = 0. Let x be (-1 - 0 - -2)*y. Suppose x*l - 5*l = -45. What is the remainder when l is divided by 8?
7
Let p(b) = 52*b**3 + b**2 - b - 1. Let j be p(-1). Let h = -27 - j. Suppose -d = d - h. What is the remainder when 34 is divided by d?
10
What is the remainder when 29 is divided by 12/(-3) - -16 - -4?
13
Suppose 0 = 5*r + 3*g - 500, 2*r - 505 = -3*r - 2*g. What is the remainder when r is divided by (6 - 3)/(3/26)?
25
Let o = -1 - -5. Let c be 30/o*(-4)/(-6). Suppose z + 4*i - 16 = -z, z + c*i - 11 = 0. What is the remainder when 21 is divided by z?
3
Suppose -4*f + 13 = f - r, -r + 11 = 3*f. What is the remainder when 9 is divided by f?
0
Let x(v) be the second derivative of v**5/20 - 13*v**4/12 + 17*v**3/6 - 7*v**2/2 - v. What is the remainder when x(12) is divided by 14?
11
Let v = -481 + 493. What is the remainder when v is divided by 10/((-1 - -1) + 2)?
2
Let h be 63/(-14)*4/(-6). Suppose -h*s + 138 = -0*s. Calculate the remainder when s is divided by 12.
10
Let u be (-69)/15 - (-6)/(-15). Calculate the remainder when 5 is divided by 2/u + 48/20.
1
Let a = -93 + 100. Calculate the remainder when 17 is divided by a.
3
Let h = 46 + -17. Calculate the remainder when 85 is divided by h.
27
Let w = 6 + -11. Let r = -3 - w. Suppose 3*p = -3*v + 18, 2*p = -v + r*v + 21. What is the remainder when 16 is divided by p?
7
Let h be (4/(-6))/((-6)/27). Suppose -h*x = -x - 26. Calculate the remainder when (8/(-10))/(3/(-90)) is divided by x.
11
Let n be (-2 + 7)*924/35. Suppose 0 = -5*u + 2*u + n. Calculate the remainder when u is divided by 23.
21
Let o(s) = -s**2 - s + 19. Suppose 3*h - 15 = -5*v, 4*h - 2*v + v = -3. Calculate the remainder when o(h) is divided by 5.
4
Suppose -7*x + 70 + 0 = 0. Suppose 2*y + 2*y - 108 = 0. Calculate the remainder when y is divided by x.
7
Let d(u) = 2*u**2 - 5*u + 6. Calculate the remainder when d(4) is divided by 3.
0
Let l(v) = v**3 - 5*v**2 + 6*v - 3. Let o be l(4). Let t = o + 3. Let h = -11 - -14. What is the remainder when t is divided by h?
2
Let j = -1 + 3. Suppose -x = -5*m + 